{"id":18,"date":"2019-02-21T09:34:09","date_gmt":"2019-02-21T09:34:09","guid":{"rendered":"https:\/\/pp-relaunch.arnold-bittlinger.ch\/?page_id=18"},"modified":"2020-02-14T06:33:15","modified_gmt":"2020-02-14T06:33:15","slug":"links","status":"publish","type":"page","link":"https:\/\/arnold-bittlinger.ch\/index.php\/links\/","title":{"rendered":"Links"},"content":{"rendered":"\n<p>Metanoia-Verlag mit Online-Shop<br><a href=\"http:\/\/www.metanoia-verlag.ch\" target=\"_blank\" rel=\"noreferrer noopener\">www.metanoia-verlag.ch<\/a><\/p>\n\n\n\n<p>\u00d6kumenische Akademie<br><a href=\"http:\/\/www.oekumenische-akademie.ch\" target=\"_blank\" rel=\"noreferrer noopener\">www.oekumenische-akademie.ch<\/a><\/p>\n\n\n\n<p>Wikipedia Eintrag<br><a href=\"https:\/\/de.wikipedia.org\/wiki\/Arnold_Bittlinger\" target=\"_blank\" rel=\"noreferrer noopener\">www.wikipedia.org<\/a><\/p>\n\n\n\n<p>International School of Analytical Psychology Zurich<br><a href=\"http:\/\/www.isapzurich.com\" target=\"_blank\" rel=\"noreferrer noopener\">www.isapzurich.com<\/a><\/p>\n\n\n\n<p>C.G. Jung-Institut Z\u00fcrich<br><a href=\"http:\/\/www.junginstitut.ch\" target=\"_blank\" rel=\"noreferrer noopener\">www.junginstitut.ch<\/a><\/p>\n\n\n\n<p>Schweizerische Gesellschaft f\u00fcr Analytische Psychologie (SGAP)<br><a href=\"http:\/\/www.sgap.ch\" target=\"_blank\" rel=\"noreferrer noopener\">www.sgap.ch<\/a><\/p>\n\n\n\n<p>Begegnungsst\u00e4tte Schloss Craheim<br><a href=\"http:\/\/www.craheim.de\" target=\"_blank\" rel=\"noreferrer noopener\">www.craheim.de<\/a><\/p>\n\n\n\n<p>Gesellschaft f\u00fcr die Geschichte des Weins<br><a href=\"http:\/\/www.geschichte-des-weines.de\" target=\"_blank\" rel=\"noreferrer noopener\">www.geschichte-des-weines.de<\/a><\/p>\n","protected":false},"excerpt":{"rendered":"<p>Metanoia-Verlag mit Online-Shopwww.metanoia-verlag.ch \u00d6kumenische Akademiewww.oekumenische-akademie.ch Wikipedia Eintragwww.wikipedia.org International School of Analytical Psychology Zurichwww.isapzurich.com C.G. Jung-Institut Z\u00fcrichwww.junginstitut.ch Schweizerische Gesellschaft f\u00fcr Analytische Psychologie (SGAP)www.sgap.ch Begegnungsst\u00e4tte Schloss Craheimwww.craheim.de Gesellschaft f\u00fcr die Geschichte des Weinswww.geschichte-des-weines.de<\/p>\n","protected":false},"author":2,"featured_media":0,"parent":0,"menu_order":0,"comment_status":"closed","ping_status":"closed","template":"","meta":{"footnotes":""},"class_list":["post-18","page","type-page","status-publish"],"_links":{"self":[{"href":"https:\/\/arnold-bittlinger.ch\/index.php\/wp-json\/wp\/v2\/pages\/18","targetHints":{"allow":["GET"]}}],"collection":[{"href":"https:\/\/arnold-bittlinger.ch\/index.php\/wp-json\/wp\/v2\/pages"}],"about":[{"href":"https:\/\/arnold-bittlinger.ch\/index.php\/wp-json\/wp\/v2\/types\/page"}],"author":[{"embeddable":true,"href":"https:\/\/arnold-bittlinger.ch\/index.php\/wp-json\/wp\/v2\/users\/2"}],"replies":[{"embeddable":true,"href":"https:\/\/arnold-bittlinger.ch\/index.php\/wp-json\/wp\/v2\/comments?post=18"}],"version-history":[{"count":4,"href":"https:\/\/arnold-bittlinger.ch\/index.php\/wp-json\/wp\/v2\/pages\/18\/revisions"}],"predecessor-version":[{"id":293,"href":"https:\/\/arnold-bittlinger.ch\/index.php\/wp-json\/wp\/v2\/pages\/18\/revisions\/293"}],"wp:attachment":[{"href":"https:\/\/arnold-bittlinger.ch\/index.php\/wp-json\/wp\/v2\/media?parent=18"}],"curies":[{"name":"wp","href":"https:\/\/api.w.org\/{rel}","templated":true}]}}